{"id":22,"date":"2017-02-03T13:29:29","date_gmt":"2017-02-03T12:29:29","guid":{"rendered":"http:\/\/localhost\/gh-lieber\/?page_id=22"},"modified":"2017-02-21T07:51:14","modified_gmt":"2017-02-21T06:51:14","slug":"kueche","status":"publish","type":"page","link":"https:\/\/www.gasthof-lieber.at\/index.php\/kueche\/","title":{"rendered":"K\u00fcche"},"content":{"rendered":"<ul>\n<li>gut b\u00fcrgerlicher Gasthof mit ca. 80 Sitzpl\u00e4tzen<\/li>\n<li>ganzt\u00e4gig warme K\u00fcche von 11.00 bis 20.00 Uhr<\/li>\n<li>g\u00fcnstiges Mittagsmen\u00fc<\/li>\n<li>hausgemachte Mehlspeisen<\/li>\n<li>ideal f\u00fcr Feiern<\/li>\n<li>Geschenk-Gutscheine f\u00fcr Speisen und Getr\u00e4nke im Gasthof erh\u00e4ltlich<\/li>\n<li>Tischreservierung telefonisch erbeten +43 (0) 3845 \/ 2232<\/li>\n<\/ul>\n<p>&nbsp;<\/p>\n<p>&nbsp;<\/p>\n<div id='gallery-1' class='gallery galleryid-22 gallery-columns-5 gallery-size-thumbnail'><dl class='gallery-item'>\n\t\t\t<dt class='gallery-icon landscape'>\n\t\t\t\t<a href='https:\/\/www.gasthof-lieber.at\/index.php\/kueche\/ghlieber_158\/'><img loading=\"lazy\" decoding=\"async\" width=\"185\" height=\"100\" src=\"https:\/\/www.gasthof-lieber.at\/wp-content\/uploads\/2017\/02\/GHLieber_158-185x100.jpg\" class=\"attachment-thumbnail size-thumbnail\" alt=\"gasthof-lieber-kuchen\" \/><\/a>\n\t\t\t<\/dt><\/dl><dl class='gallery-item'>\n\t\t\t<dt class='gallery-icon landscape'>\n\t\t\t\t<a href='https:\/\/www.gasthof-lieber.at\/index.php\/kueche\/ghlieber_103\/'><img loading=\"lazy\" decoding=\"async\" width=\"185\" height=\"100\" src=\"https:\/\/www.gasthof-lieber.at\/wp-content\/uploads\/2017\/02\/GHLieber_103-185x100.jpg\" class=\"attachment-thumbnail size-thumbnail\" alt=\"gasthof-lieber-speck-in-pfanne\" \/><\/a>\n\t\t\t<\/dt><\/dl><dl class='gallery-item'>\n\t\t\t<dt class='gallery-icon landscape'>\n\t\t\t\t<a href='https:\/\/www.gasthof-lieber.at\/index.php\/kueche\/ghlieber_156\/'><img loading=\"lazy\" decoding=\"async\" width=\"185\" height=\"100\" src=\"https:\/\/www.gasthof-lieber.at\/wp-content\/uploads\/2017\/02\/GHLieber_156-185x100.jpg\" class=\"attachment-thumbnail size-thumbnail\" alt=\"gasthof-lieber-kuchen\" \/><\/a>\n\t\t\t<\/dt><\/dl><dl class='gallery-item'>\n\t\t\t<dt class='gallery-icon landscape'>\n\t\t\t\t<a href='https:\/\/www.gasthof-lieber.at\/index.php\/kueche\/ghlieber_135\/'><img loading=\"lazy\" decoding=\"async\" width=\"185\" height=\"100\" src=\"https:\/\/www.gasthof-lieber.at\/wp-content\/uploads\/2017\/02\/GHLieber_135-185x100.jpg\" class=\"attachment-thumbnail size-thumbnail\" alt=\"gasthof-lieber-schnitzel\" \/><\/a>\n\t\t\t<\/dt><\/dl><dl class='gallery-item'>\n\t\t\t<dt class='gallery-icon landscape'>\n\t\t\t\t<a href='https:\/\/www.gasthof-lieber.at\/index.php\/kueche\/ghlieber_129\/'><img loading=\"lazy\" decoding=\"async\" width=\"185\" height=\"100\" src=\"https:\/\/www.gasthof-lieber.at\/wp-content\/uploads\/2017\/02\/GHLieber_129-185x100.jpg\" class=\"attachment-thumbnail size-thumbnail\" alt=\"gasthof-lieber-grillteller\" \/><\/a>\n\t\t\t<\/dt><\/dl><br style=\"clear: both\" \/>\n\t\t<\/div>\n\n","protected":false},"excerpt":{"rendered":"gut b\u00fcrgerlicher Gasthof mit ca. 80 Sitzpl\u00e4tzen ganzt\u00e4gig warme K\u00fcche von 11.00 bis 20.00 Uhr g\u00fcnstiges Mittagsmen\u00fc hausgemachte Mehlspeisen ideal f\u00fcr Feiern Geschenk-Gutscheine f\u00fcr Speisen und Getr\u00e4nke im Gasthof erh\u00e4ltlich Tischreservierung telefonisch erbeten +43 (0) 3845 \/ 2232 &nbsp; &nbsp;","protected":false},"author":2,"featured_media":0,"parent":0,"menu_order":0,"comment_status":"closed","ping_status":"closed","template":"","meta":{"_exactmetrics_skip_tracking":false,"_exactmetrics_sitenote_active":false,"_exactmetrics_sitenote_note":"","_exactmetrics_sitenote_category":0,"footnotes":""},"class_list":["post-22","page","type-page","status-publish","hentry"],"_links":{"self":[{"href":"https:\/\/www.gasthof-lieber.at\/index.php\/wp-json\/wp\/v2\/pages\/22","targetHints":{"allow":["GET"]}}],"collection":[{"href":"https:\/\/www.gasthof-lieber.at\/index.php\/wp-json\/wp\/v2\/pages"}],"about":[{"href":"https:\/\/www.gasthof-lieber.at\/index.php\/wp-json\/wp\/v2\/types\/page"}],"author":[{"embeddable":true,"href":"https:\/\/www.gasthof-lieber.at\/index.php\/wp-json\/wp\/v2\/users\/2"}],"replies":[{"embeddable":true,"href":"https:\/\/www.gasthof-lieber.at\/index.php\/wp-json\/wp\/v2\/comments?post=22"}],"version-history":[{"count":10,"href":"https:\/\/www.gasthof-lieber.at\/index.php\/wp-json\/wp\/v2\/pages\/22\/revisions"}],"predecessor-version":[{"id":180,"href":"https:\/\/www.gasthof-lieber.at\/index.php\/wp-json\/wp\/v2\/pages\/22\/revisions\/180"}],"wp:attachment":[{"href":"https:\/\/www.gasthof-lieber.at\/index.php\/wp-json\/wp\/v2\/media?parent=22"}],"curies":[{"name":"wp","href":"https:\/\/api.w.org\/{rel}","templated":true}]}}